30?
6
Let m(u) be the first derivative of u**3 + 3*u**2 - 13*u + 4. Let x be m(7). Calculate the highest common divisor of 16 and x.
16
Let j(z) = z**2 + 4*z. Let c be j(-7). What is the highest common divisor of c and 35?
7
Suppose -5*j + 98 = 18. Suppose -150 - 153 = -2*k + 5*p, -4*k - 4*p = -564. What is the greatest common divisor of j and k?
16
Suppose -p - 5*c = -35, 0 = -2*p - 0*p + 4*c + 28. What is the highest common divisor of p and 4?
4
Suppose 5*i - 2*f + 6*f - 31 = 0, -2*i + 5*f = 14. Suppose w = i*w - 12. Calculate the highest common divisor of w and 48.
6
Suppose -4 = -2*u + 24. Let y = 22 + -15. Calculate the highest common divisor of u and y.
7
Let a = 28 + -12. Let n = a - 3. Let m be ((-156)/10)/((-3)/10). Calculate the highest common divisor of m and n.
13
Let r = -58 + 62. Let m(v) = v**3 - 5*v**2 + 3*v + 5. Let t be m(4). Let n be -20*(t - (-14)/(-10)). Calculate the highest common divisor of n and r.
4
Let d(l) = 11*l. Let t be d(9). Calculate the highest common factor of 9 and t.
9
Suppose -7*l + 2*l = 0. Let g be (-3 + l)*2/3. Let s be (g + 38)*2/4. Calculate the highest common factor of s and 144.
18
Let p be 1 + 5*(-2)/(-5). Suppose -i = -12 + p. Suppose 0 = -5*g - 15, v = -0*v - 3*g + 18. What is the greatest common divisor of i and v?
9
Suppose 22 = -3*s + 67. Let p = 73 + s. Suppose 2 + 0 = -2*h, -2*h = g - 6. Calculate the highest common factor of g and p.
8
Suppose h - 2 = -4*m - 13, -2*h = 4*m + 6. Calculate the highest common factor of h and 5.
5
Let n = -17 - -25. Let m(l) = l**2 - 9*l + 3. Let i be m(n). Let o(j) = -6*j + 3. Let t be o(i). Calculate the greatest common divisor of 3 and t.
3
Let r be (-2 - -2) + (4 - 2). Suppose v - 14 = 4*i, -39 = -4*v + r*i + 3. Calculate the highest common divisor of v and 20.
10
Suppose -5*o = 7*y - 2*y, 0 = 2*y - 3*o. Let k = 10 - y. Let d = k + -4. What is the greatest common factor of 6 and d?
6
Suppose -5*t = -10*t + 15. What is the highest common factor of 24 and t?
3
Let i = 41 - -36. Let l(v) = -v + 11. Suppose -2*n = -0*n. Let k be l(n). What is the greatest common divisor of k and i?
11
Let h = 17 + -8. Calculate the highest common factor of 72 and h.
9
Suppose 3*a - 44 = -11. Suppose -7*b - 44 = -11*b. Calculate the greatest common divisor of b and a.
11
Let n = 189 + -185. What is the greatest common factor of n and 4?
4
Let g(a) = 7*a**2. Let i be g(-1). Let n be 12/8*2 - 4. Let q be 3 - -57 - (n + -2). Calculate the highest common factor of i and q.
7
Let f = 4 + -6. Let w = 0 - f. Suppose -416 = -0*s - 4*s - w*i, 4*s - i = 422. Calculate the highest common divisor of 15 and s.
15
Let m be 10*(1/(-3) + 33/18). Calculate the highest common factor of 165 and m.
15
Let a = -5 + 7. Let v be 1/1 + (105 - a). What is the greatest common divisor of v and 13?
13
Let u be (8/(-5))/((-4)/10). Let o(l) = l**3 + 5*l**2 + 3*l + 1. Let r be o(-4). Suppose r*v - 161 = -1. What is the highest common factor of u and v?
4
Let s = 27 - 24. What is the highest common divisor of 15 and s?
3
Suppose -4*x = 5*x - 54. What is the highest common divisor of x and 3?
3
Let c(i) = i**3 - i**2 + i + 60. Let m be c(0). Let f(p) = p**3 - 3*p**2 - 4*p. Let j be f(-3). Let y = m + j. Calculate the highest common factor of y and 2.
2
Let t be (5 + 2)*(1080/(-28))/(-9). Calculate the greatest common factor of 6 and t.
6
Suppose 0 = -5*y - 15, -2*h + y + 41 = -4*y. Calculate the highest common divisor of h and 117.
13
Let d be ((-8)/(-12) - 21/(-36))*76. Calculate the greatest common factor of d and 19.
19
Let r be 81/2 + 2/(-4). What is the highest common divisor of 5 and r?
5
Suppose 0 = -0*p - p + 100. Suppose -3*b - 34 = -p. Calculate the greatest common divisor of b and 66.
22
Let y be 10/15 + (-326)/(-6). Suppose -4*f - 11 = -y. Let h(p) = 11*p. Let l be h(7). What is the greatest common divisor of l and f?
11
Let q be (21/6)/((-1)/2). Let d = 28 + q. Calculate the greatest common factor of 168 and d.
21
Let f(y) = y + 4. Let o = -1 - -5. Suppose 2*j - 24 = 4*q - 4, 0 = 3*j + o*q. Let x be f(j). What is the greatest common divisor of 16 and x?
8
Suppose 6*r - r + 5 = 0. Let c(a) = -8*a**3 + a. Let t be c(r). What is the greatest common divisor of 1 and t?
1
Suppose -k + 22 = -4*w, -4*w + 48 = -3*k + 7*k. Let h be (-6 - 104/6)*(-6)/5. Calculate the highest common divisor of h and k.
14
Let r be (6/8)/((-1)/(-28)). Calculate the greatest common divisor of 21 and r.
21
Let b = 13 + 8. What is the greatest common divisor of b and 231?
21
Let h = 16 + -8. Suppose -4*l = -w + h, -w = 3*l - 4*w - 3. Let s be (-3)/9 - 31/l. Calculate the greatest common factor of 80 and s.
10
Let p = 48 - 40. What is the highest common divisor of 20 and p?
4
Let k(w) = 2*w**2 - 2*w - 3. Let g be k(-2). Let r be (12/(-7))/(1/(-7)). Let q be r/g*6 + 0. Calculate the greatest common factor of 1 and q.
1
Suppose -t = -2*t + 6. Suppose 2*r = -0*r - p + 70, -3*r = -p - 95. Let n be r - 2 - (-1 + 2). What is the greatest common divisor of n and t?
6
Suppose -4 = -j - 0. Suppose 0 = -h + j*h - 30. What is the highest common factor of h and 70?
10
Suppose -1 = -3*k - 10, -4*b + 47 = 3*k. What is the greatest common factor of 28 and b?
14
Let o(n) = 4*n**3 - n**2 + n - 1. Let l be o(1). Let d be -2*l/(2 - 3). Calculate the greatest common factor of 54 and d.
6
Let p = -178 - -321. Calculate the highest common factor of 13 and p.
13
Suppose 0*o - 2*o = 5*f - 58, 5*o + 4*f - 128 = 0. Suppose 5*d + 70 = 2*t + 3*t, -o = -t - 4*d. Calculate the greatest common factor of t and 48.
16
Suppose 4*j - 760 = -5*d, 0*j = -j + 5*d + 190. What is the greatest common factor of j and 76?
38
Let p = -29 - -110. What is the greatest common divisor of p and 9?
9
Let w(l) be the first derivative of 2*l**3/3 - 2*l**2 - 4*l - 3. Let b be w(4). What is the highest common factor of 3 and b?
3
Let o be (28/6)/((-5)/(-30)). Let j = 54 - o. Calculate the highest common divisor of j and 13.
13
Suppose 0 = 2*f - 4*f. Suppose l + 0*l - 10 = f. Let y(v) = v + 30. Let x be y(0). Calculate the greatest common divisor of l and x.
10
Let q = 95 + -71. Calculate the greatest common divisor of q and 192.
24
Suppose -5*h = -3*h - 128. Let a = -28 + h. What is the highest common factor of 4 and a?
4
Let f be -1 - -4 - -1*1. Let m be -20*(-3 + (-2 - -1)). Suppose 2*o + 4*g - 4 = 56, -m = -3*o + 4*g. What is the greatest common factor of f and o?
4
Let r be (-12)/(-3) + -7 + 11. Calculate the highest common factor of 104 and r.
8
Suppose -10 = -9*i + 4*i, 0 = -3*c - 2*i + 10. Let v = -8 + 14. What is the highest common factor of v and c?
2
Let k = 304 + -476. Let s = -296 - k. Let p = -56 - s. What is the highest common divisor of 17 and p?
17
Let a be (-2)/6 - 1/(-3). Suppose 0*f + 4*f - 44 = 4*v, a = 4*f - 2*v - 46. What is the highest common divisor of f and 108?
12
Suppose -5*w - u = -43, -3*w - w + 28 = 4*u. Let v(d) = 3*d**2 + d + 2. Let a = -4 + -1. Let t be v(a). What is the greatest common divisor of w and t?
9
Let b be ((-4)/(-5))/(24/60). Calculate the greatest common divisor of b and 18.
2
Suppose -c = 1 - 39. Calculate the greatest common divisor of 304 and c.
38
Let v = -2 + 4. Suppose 20 = 7*r - v*r. Suppose -5*o = z - 12, r*z - o = o + 92. Calculate the highest common factor of 11 and z.
11
Let r(b) = b**3 + 6*b**2 + 7*b + 7. Let p be r(-5). Let z be (-2 + 0)/((-2)/(-8)). Let q = p - z. Calculate the greatest common factor of q and 2.
1
Suppose 1 = 4*p - 119. Suppose -6*v - 4*v + 150 = 0. What is the greatest common divisor of p and v?
15
Suppose -s - 5*a + 58 = -119, -492 = -3*s - 2*a. Calculate the greatest common divisor of 18 and s.
18
Suppose v - 81 = -4*s + 55, -2*s - 570 = -5*v. What is the greatest common factor of 290 and v?
58
Let g(w) = 4*w + 3. Let h be g(-3). Let q = h - -15. Calculate the highest common factor of q and 6.
6
Let k = 6 + 2. Let n be (1 + -17)/(k - 10). What is the highest common factor of n and 4?
4
Suppose 13 = 3*l - 4*k - 18, 5*l - 29 = k. Suppose -2*t + 5*o + 38 = 0, 2*t + 82 = 5*t + l*o. What is the highest common factor of 144 and t?
24
Suppose -5*i - 4*k + 188 = 0, 7*k + 52 = i + 3*k. Calculate the greatest common divisor of 16 and i.
8
Let p be 340/25 + (-2)/(-5). Calculate the greatest common divisor of p 